2114481424?
True
Is 514126845 a multiple of 335?
True
Is 11117 a factor of 588650927?
False
Is 288 a factor of 279764928?
True
Does 11 divide 16533282?
False
Does 47 divide 144880132?
True
Is 2807 a factor of 24123358?
True
Is 18568253 a multiple of 512?
False
Does 2 divide 6011783?
False
Is 187 a factor of 2777465933?
True
Is 549 a factor of 107118135?
True
Is 82706050 a multiple of 38?
True
Is 967 a factor of 155286813?
False
Is 1754536120 a multiple of 45?
False
Does 70 divide 711001698?
False
Is 1674187 a multiple of 3?
False
Is 46233018 a multiple of 29?
True
Is 92 a factor of 51466180?
True
Is 24 a factor of 46166136?
True
Is 33 a factor of 187215166?
False
Is 5424 a factor of 1986820092?
False
Is 321087888 a multiple of 1782?
True
Is 29 a factor of 768416701?
False
Does 89 divide 66769854?
False
Is 1710 a factor of 35405550?
True
Is 10 a factor of 137323021?
False
Is 27314100 a multiple of 396?
True
Is 936910739 a multiple of 12?
False
Does 7 divide 215187504?
True
Is 18 a factor of 2773552429?
False
Is 200444871 a multiple of 3703?
False
Does 115 divide 21489820?
True
Is 300285638 a multiple of 8?
False
Is 1531383872 a multiple of 342?
False
Does 1140 divide 494448780?
True
Does 44 divide 132469939?
False
Does 1503 divide 488882573?
False
Is 185061 a multiple of 2?
False
Is 398 a factor of 258582411?
False
Does 62 divide 1425586952?
False
Does 1399 divide 251223885?
False
Is 2219 a factor of 2304430367?
False
Does 870 divide 122052213?
False
Does 58 divide 3498868212?
True
Is 40772571 a multiple of 131?
True
Is 770 a factor of 730967395?
False
Is 740198871 a multiple of 30?
False
Does 400 divide 28583600?
True
Is 215062960 a multiple of 80?
True
Is 451 a factor of 4743537?
False
Is 222 a factor of 232805850?
True
Is 1447 a factor of 1316377863?
True
Is 16 a factor of 920349853?
False
Does 69 divide 377139855?
True
Is 74 a factor of 122495308?
True
Does 91 divide 36495277?
True
Is 2112847922 a multiple of 52?
False
Is 12206360 a multiple of 152?
True
Does 8 divide 9815675?
False
Is 2412 a factor of 1298260?
False
Is 8 a factor of 208182403?
False
Is 1074952860 a multiple of 1110?
True
Is 726 a factor of 50814575?
False
Does 2 divide 31091355?
False
Is 24288777 a multiple of 15?
False
Is 179740975 a multiple of 25?
True
Is 16 a factor of 3453568240?
True
Is 858973743 a multiple of 5521?
True
Does 6 divide 335768442?
True
Does 161 divide 23158873?
False
Is 767 a factor of 42719599?
True
Does 292 divide 121309836?
False
Is 278044712 a multiple of 22?
True
Is 37825564 a multiple of 979?
False
Is 24 a factor of 3384748296?
True
Is 9874791 a multiple of 89?
False
Is 4 a factor of 36109355?
False
Is 1455 a factor of 289545000?
True
Is 5987498 a multiple of 46?
True
Does 41 divide 79376341?
False
Is 712 a factor of 533287288?
True
Does 65 divide 273931?
False
Is 2272519 a multiple of 3?
False
Is 11152758 a multiple of 3?
True
Is 24993126 a multiple of 6?
True
Does 44 divide 8213172?
True
Is 131 a factor of 271931716?
False
Does 2327 divide 2510469263?
False
Does 15 divide 7631085?
True
Is 4414669 a multiple of 19?
True
Is 473220332 a multiple of 1430?
False
Is 27 a factor of 17295255?
True
Is 116815817 a multiple of 34?
False
Is 30969740 a multiple of 370?
True
Is 953 a factor of 1170729417?
False
Does 42 divide 2429770?
False
Is 8 a factor of 204292787?
False
Is 2872406430 a multiple of 8291?
False
Is 15 a factor of 97148340?
True
Does 1373 divide 1075898402?
False
Is 62023390 a multiple of 121?
True
Does 1383 divide 524848500?
True
Does 680 divide 5391040?
True
Is 424 a factor of 67785304?
True
Is 201 a factor of 320297520?
True
Does 135 divide 2233067676?
False
Is 3290 a factor of 156903357?
False
Is 12 a factor of 60850083?
False
Is 848 a factor of 5193481280?
False
Is 393776 a multiple of 12?
False
Is 458673158 a multiple of 17?
True
Is 732 a factor of 1869704412?
True
Is 2838675002 a multiple of 189?
False
Does 50 divide 483150?
True
Is 604144124 a multiple of 566?
False
Does 188 divide 36335970?
False
Is 82 a factor of 130831380?
False
Does 2365 divide 2829930620?
True
Is 506 a factor of 30363764?
False
Is 955596712 a multiple of 4676?
True
Does 96 divide 24831936?
True
Is 6887 a factor of 198283617?
True
Does 7281 divide 1915455573?
False
Does 73 divide 57411434?
True
Is 24 a factor of 60561728?
False
Is 100 a factor of 46981400?
True
Is 30 a factor of 90709800?
True
Is 323 a factor of 10893408?
False
Is 443289654 a multiple of 8?
False
Does 119 divide 75508152?
False
Does 631 divide 1265721007?
True
Does 990 divide 2220570?
True
Is 16741550 a multiple of 10?
True
Is 795 a factor of 18137655?
False
Is 127 a factor of 9713819?
False
Does 15 divide 74109401?
False
Is 28188960 a multiple of 1133?
False
Is 1656282845 a multiple of 1405?
True
Does 156 divide 76293761?
False
Is 3 a factor of 8791664?
False
Is 491 a factor of 760862929?
True
Does 16 divide 509522650?
False
Is 511520855 a multiple of 8215?
False
Is 73 a factor of 6202518?
True
Does 78 divide 951204996?
False
Does 96 divide 78722871?
False
Is 134 a factor of 885627332?
False
Is 2573 a factor of 477098525?
True
Does 7 divide 732230296?
True
Is 26 a factor of 99603941?
False
Is 81605463 a multiple of 682?
False
Is 1030 a factor of 3185451508?
False
Is 1809 a factor of 564871982?
False
Is 346884386 a multiple of 62?
False
Is 15 a factor of 2246822985?
True
Is 1840 a factor of 42998960?
True
Is 115 a factor of 564512230?
True
Does 64 divide 313056448?
True
Does 12 divide 23538317?
False
Does 159 divide 2283394866?
True
Is 5577249 a multiple of 3?
True
Does 461 divide 53605080?
True
Is 4 a factor of 126565876?
True
Is 5785749 a multiple of 2945?
False
Does 166 divide 158398860?
True
Does 122 divide 7918654?
True
Is 1942 a factor of 75101872?
False
Is 186 a factor of 93565127?
False
Is 271 a factor of 93753534?
True
Is 1687 a factor of 636912442?
False
Is 536034195 a multiple of 177?
False
Does 87 divide 126700797?
True
Is 15 a factor of 1181072438?
False
Does 58 divide 1125930974?
True
Is 966211950 a multiple of 10?
True
Is 256151814 a multiple of 69?
False
Is 31 a factor of 2454022?
True
Is 1467314103 a multiple of 7?
False
Is 90210407 a multiple of 169?
False
Is 24 a factor of 47884280?
False
Is 1196 a factor of 350987728?
True
Does 221 divide 1991761?
False
Does 15 divide 20929088?
False
Does 413 divide 297581612?
False
Does 148 divide 245716715?
False
Is 28 a factor of 35492464?
True
Is 709 a factor of 50175930?
True
Does 54 divide 171136476?
True
Is 109 a factor of 1987934515?
False
Is 86750032 a multiple of 1823?
False
Is 48 a factor of 2161502659?
False
Does 33 divide 161957169?
True
Does 203 divide 2488446471?
True
Is 9 a factor of 29661049?
False
Is 62940077 a multiple of 853?
False
Does 13 divide 50037754?
True
Does 683 divide 46616292?
False
Is 24 a factor of 74070017?
False
Is 579 a factor of 379244421?
True
Is 368259982 a multiple of 1425?
False
Is 14 a factor of 53643877?
False
Does 3 divide 11079688?
False
Is 64929641 a multiple of 28?
False
Is 1434167604 a multiple of 12?
True
Is 138 a factor of 764309136?
True
Is 326110533 a multiple of 303?
False
Is 1236236390 a multiple of 60?
False
Is 1457 a factor of 28190036?
True
Is 3 a factor of 27073?
False
Does 6 divide 1433749388?
False
Is 62 a factor of 1148615844?
True
Is 92 a factor of 16270607?
False
Is 160 a factor of 66067040?
True
Does 6 divide 25023451?
False
Does 1941 divide 106797366?
False
Is 133 a factor of 35346612?
True
Is 348354361 a multiple of 97?
False
Is 43623347 a multiple of 3?
False
Is 20345962 a multiple of 13?
True
Is 208129250 a multiple of 388?
False
Is 3577453258 a multiple of 23?
True
Is 6223530 a multiple of 51?
True
Is 950170756 a multiple of 4393?
True
Is 16 a factor of 744285434?
False
Does 2 divide 60040472?
True
Does 239 divide 2297041975?
False
Is 14 a factor of 1918457016?
True
Is 649 a factor of 84923597?
True
Is 214558055 a multiple of 3197?
False
Is 90590812 a multiple of 164?
True
Is 208807240 a multiple of 3?
False
Does 23 divide 299311673?
True
Does 16 divide 143149777?
False
Is 6068450 a multiple of 887?
False
Is 1976233548 a multiple of 38?
True
Is 589071405 a multiple of 2155?
True
Is 571 a factor of 34648483?
False
Does 10292 divide 3551361779?
False
Is 101 a factor of 2221